/120 + 3*z**5/10 - 7*z**4/24 - 2*z**3/3 - 6*z**2 - 3*z. What are the prime factors of w(17)?
2, 83
Let x(t) = 5*t**3 + 12*t**2 - 23*t - 12. Let r be x(6). Let d = r + -924. List the prime factors of d.
2, 3, 73
Let m = -290 + 297. Suppose m*t - 13*t + 1668 = 0. What are the prime factors of t?
2, 139
What are the prime factors of 25 + (48288 - (51 - 27))?
43, 1123
Let t = 32117 - 17852. List the prime factors of t.
3, 5, 317
Let x = -554 + 590. Let n be (-1)/(-1)*-2*-4. What are the prime factors of x/48 - (-2002)/n?
251
Let i be (-4982)/(-6) + ((-8)/(-12))/1. Let f = i - 395. List the prime factors of f.
2, 109
Let l = 4121 - 2807. What are the prime factors of l?
2, 3, 73
Let u(c) = 2*c**2 - c. Let k(o) = -o**3 + 27*o**2 + 9*o + 19. Let x(y) = k(y) - 6*u(y). What are the prime factors of x(12)?
631
Let k = -43786 - -73873. Suppose -17*m + k = 6576. What are the prime factors of m?
3, 461
Suppose 0 = 3*g + 4*x - 61, -2*g + 1 + 25 = -x. Suppose -g*i + 11*i = -416. What are the prime factors of i?
2, 13
Suppose 10 - 8 = -2*r, -4*y + 5337 = -r. What are the prime factors of y?
2, 23, 29
Let h be 2/3*(-6 + 9). Suppose -8 = 2*y + 3*a, 2*y + 4*a = h*a - 4. Suppose -y*s + 178 - 6 = 2*b, 5*s = 3*b - 282. List the prime factors of b.
89
Suppose 21*p - 78*p = -95983 - 90236. List the prime factors of p.
3, 11
Suppose -3*q + 199559 = 93*a - 89*a, -3*a - 2*q + 149671 = 0. List the prime factors of a.
5, 17, 587
Let w(c) = 3*c**3 - 4*c**2 - 2*c + 5. Suppose -9*z + 38 = -16. Let f(m) = -m**3 + 6*m**2 + 3. Let a be f(z). List the prime factors of w(a).
2, 11
Suppose 753*x = 758*x - 3420. List the prime factors of x.
2, 3, 19
Suppose 0 = -3*t + 4*g + 22025, 2*t + 931 - 15601 = g. List the prime factors of t.
7331
Suppose 5735 = 40*l - 1625. Let z(x) = 23*x + 2. Let o be z(3). Suppose -y + l = o. What are the prime factors of y?
113
Let w be (((-378)/(-45))/7)/((-6)/(-50)). Suppose -w*k + 7*k + 1194 = -3*n, 2*n = 4*k - 1590. List the prime factors of k.
397
List the prime factors of (8/(-26))/(-2) - 250305/(-65).
3851
Let g(p) = -p**2 + 13*p + 12. Let a(q) = q**3 + 7*q**2 + 4*q - 2. Let j be a(-6). Let d be g(j). List the prime factors of (-1158)/d*-8 - (-6)/14.
13, 17
Suppose 0 = 4*o + o - 10. Let n = 177 + -177. Suppose 4*r + y - 103 = 117, n = -5*r + o*y + 275. List the prime factors of r.
5, 11
Let a be 25 - 26 - (-2 - 1). Let g be (a - 3) + (-9)/(-3). Suppose 4*x = -2*v + 3*v + 339, g*v = 5*x - 426. List the prime factors of x.
2, 3, 7
Suppose 2451*i = 2450*i + 1014. Suppose 1006*f = i*f - 7912. List the prime factors of f.
23, 43
Let t be 4 + (5/(-10) - 63/(-14)). What are the prime factors of t/3*(-1)/((-2)/606)?
2, 101
Suppose -5*n + 5*i = 400, -2*n - 3*i + 36 = 221. Suppose -1442 = 12*b - 3662. Let q = n + b. List the prime factors of q.
2, 5
What are the prime factors of 10 + (-44898)/(-6) - 8?
3, 5, 499
Let k(m) = 31*m**2 + 8*m - 89. Let c be k(-22). List the prime factors of c/17 + 10/2.
2, 109
Let i = 13562 - 7985. What are the prime factors of i?
3, 11, 13
Let a be (0/1)/(-5 - -7 - 4). Suppose -5*r = 2*v + 7, a = -v - 4*r - 0*r - 8. Suppose -x + 196 = p, 400 = v*x - 2*x + 4*p. List the prime factors of x.
2, 3
What are the prime factors of -2 + -6 + (-2*36491)/(-14)?
3, 5, 347
List the prime factors of 2 - (-352)/(-3)*5688/48*-1.
2, 17, 409
Let a = 456 + -355. Suppose a = i - 169. What are the prime factors of i?
2, 3, 5
Suppose -1392 = -9*t + 9093 - 2169. List the prime factors of t.
2, 3, 7, 11
Let w(l) = -l + 4. Let j be w(3). Let c(q) = -q**2 - 7*q + 3. Let y(h) = h**2 - h + 1. Let o(d) = j*c(d) + 2*y(d). List the prime factors of o(10).
3, 5
Suppose -2*k + 1874 = -4*d, -3*d + 16*k = 15*k + 1408. Let s = 1104 + d. List the prime factors of s.
3, 211
Suppose 24*h - 19*h = 120. Let o = h + 117. List the prime factors of o.
3, 47
Let a(n) = 4697*n - 475. What are the prime factors of a(2)?
3, 991
List the prime factors of ((-1)/(-1))/((-9)/(-4140)).
2, 5, 23
Let v(a) = a**2 - 9*a + 15. Let l = 68 + -60. Let y be v(l). List the prime factors of 465/y + (-3)/7.
2, 3, 11
Let d(k) = -579*k + 1159. What are the prime factors of d(-30)?
7, 2647
Let s(d) = -73883*d - 678. List the prime factors of s(-1).
5, 11
Let u(w) = 569*w + 9282. What are the prime factors of u(49)?
7, 5309
Suppose -3*t + 5*u + 230 = 2*t, 0 = 2*t - 5*u - 80. Suppose 0 = 48*n - t*n + 110. What are the prime factors of n - (5 + 3 + -10)?
3, 19
Suppose -4*c - 17839 = 5*t - 69724, 3*t = 4*c + 31099. What are the prime factors of t?
11, 23, 41
Suppose -4*i - 30438 = -9*i + 3*g, -2*g = 4*i - 24324. List the prime factors of i.
2, 3, 13
Let g be 3/2 - 35087/26. Let m = g - -3117. What are the prime factors of m?
29, 61
Let t(g) = -129*g**3 + 3*g**2 + 2*g - 28. List the prime factors of t(-4).
2, 3, 13, 53
Let s(u) = u**2 + 28*u - 27. Suppose -5*x = r + 13 - 2, 0 = 4*r + 2*x + 8. Let o(p) = -p - 1. Let z(m) = r*s(m) - 3*o(m). What are the prime factors of z(-25)?
2, 3, 5
Suppose -9*j = -303472 - 225620. Suppose 34*a - j = -12*a. List the prime factors of a.
2, 3, 71
Let w be (-23)/((-23)/28) + 11. Suppose -5*c = 341 - 981. Let j = c - w. What are the prime factors of j?
89
Suppose -56877 - 229508 = -66*f - 36113. List the prime factors of f.
2, 3, 79
Suppose 0 = -6*i - i. Suppose -4*s + 231 + 345 = i. List the prime factors of s.
2, 3
Let t be 36/24*(32864/12)/4. Let r = 1456 - t. What are the prime factors of r?
3, 11, 13
Let i(m) = 1157*m - 17502. List the prime factors of i(58).
2, 12401
Let o(w) = -1401*w + 4192. List the prime factors of o(-14).
2, 11903
Let a = -1 + -3. Let q be (a/(-6) + (-1464)/(-9))*3. Suppose 0 = -w - 4*w + q. What are the prime factors of w?
2, 7
Suppose 18*t - 6*t - 192 = 0. Suppose t*u - 2009 = 8983. What are the prime factors of u?
3, 229
Suppose -5*z + 55125 = -2*m, 10*m - 11043 = -z + 14*m. What are the prime factors of z?
73, 151
Suppose 132*i - 535241 = 201033 + 624646. What are the prime factors of i?
2, 5, 1031
Let j = -14364 - -22637. What are the prime factors of j?
8273
Let j = -22633 + 31704. What are the prime factors of j?
47, 193
Suppose -4*u - 5*b - 2 = 0, 8 = -2*u - 3*b + 6. Suppose 3*j = 2*s - 284 + 2230, -5*j = u*s - 3254. What are the prime factors of j?
2, 5, 13
Let q(w) be the first derivative of 23*w**2/2 - 11*w - 1. Suppose r - 5*h = -19, 35*r - 5 = 30*r + 5*h. What are the prime factors of q(r)?
127
Let k(v) = -536*v + 4944. List the prime factors of k(-32).
2, 1381
Suppose -2518 = -6*z + 3*z + 4*b, -3*z - 4*b + 2486 = 0. Let f = z + -245. List the prime factors of f.
19, 31
Suppose -6*k + 112 = 2*k. Suppose k - 44 = 5*d. List the prime factors of (d + 3 - 6/(-1))*27.
3
Let h = -367 - -416. Suppose -h*c + 304 = -48*c. List the prime factors of c.
2, 19
Let j(p) = 11*p**3 - 2*p**2 + 14*p - 4. Let x be j(3). Let r = x - 4. List the prime factors of r.
313
Let a(m) = -m**3 + 8*m**2 - 5*m + 15. Let k be a(7). Let o be (-144 + k)*(-8)/10. List the prime factors of (-2 - o/(-8))/((-4)/(-16)).
2, 19
Let k = 35429 - 20954. What are the prime factors of k?
3, 5, 193
Suppose 0 = -3*u - 0*q + 3*q - 27, -3*q - 9 = u. Let b be (-3)/u - (-10)/6. Suppose -61 = -b*i + 21. What are the prime factors of i?
41
Suppose 0 = -10*f + 6*f + 208. Let j = f + 38. List the prime factors of j.
2, 3, 5
Let l be (-1470)/(-21)*(-38)/4. Let r = -248 - l. List the prime factors of r.
3, 139
Suppose 296 = 5*w - 89. List the prime factors of ((-1)/(-2))/(w/72072).
2, 3, 13
Let s = -458 - -458. Suppose s = 223*l - 220*l - 3819. List the prime factors of l.
19, 67
Let l(y) be the second derivative of -15*y**3 - 2*y + 16*y**3 - 15*y + y + 19*y**2. What are the prime factors of l(-5)?
2
Suppose n - 5*n = -908. Let z(l) = l**3 + 16*l**2 - 58*l - 15. Let g be z(-19). Suppose n = g*b - 173. List the prime factors of b.
2, 5
Let i(o) = o**2 - 12*o - 50. Let k be i(15). Let x(b) = 68*b**2 + 39*b + 3. List the prime factors of x(k).
2, 13, 29
Let u(q) = -q**3 + 2*q**2 - 3*q - 288. Let l be u(0). Let f be 3*3/27*-3. List the prime factors of (1*f/2)/(6/l).
2, 3
Let m(j) = -5*j**2 + 11 - 8*j - 3*j**3 + 1 + 4*j**3. Let w be m(6). Suppose w = -q + 2*q - 88. List the prime factors of q.
2, 11
Suppose -7281 = -3*c + 4*u + 9228, 0 = -4*u - 24. What are the prime factors of c?
5, 7